 5*x**3 + 325*x**2 - 674*x + 40. Give q(2).
32
Let k(i) = -17*i + 4346. What is k(167)?
1507
Let f(o) = o**3 + 15*o**2 - 642*o - 10306. Calculate f(-26).
-1050
Let w(i) = i**2 + 1540*i + 4585. What is w(-3)?
-26
Let y(v) = v**3 + 37*v**2 - 2508*v + 398. What is y(-72)?
-466
Let m(w) = 3*w**3 + 404*w**2 + 12*w - 4. Give m(0).
-4
Let f(u) = -u**3 - 82*u**2 - 76*u - 388. Determine f(-5).
-1933
Let a(b) = 2*b**2 - 288*b + 1712. Determine a(122).
-3656
Let u(b) = -b**3 + 300*b**2 + 904*b + 1475. Calculate u(303).
-40
Let u(l) = 55*l**3 + 605*l**2 + 13*l + 150. Give u(-11).
7
Let y(f) = -2*f**3 + 148*f**2 + 119*f - 38708. What is y(71)?
-13
Let y(m) = 19878*m + 278317. Calculate y(-14).
25
Let h(m) = -196*m - 4340. Calculate h(-31).
1736
Let v(i) = 2*i**2 + 15175*i + 60666. Calculate v(-4).
-2
Let m(p) = 2*p**3 - 303*p**2 - 3245*p - 224. Calculate m(-10).
-74
Let j(m) = m**3 + 1401*m**2 - 652*m + 2. What is j(0)?
2
Let x(n) = -5*n + 281. Determine x(54).
11
Let w(v) = -v**3 - 63*v**2 + 1713*v - 3064. Determine w(19).
-119
Let g(i) = -17438*i + 86348. What is g(5)?
-842
Let p(z) = 2*z**3 + 47*z**2 + 34*z + 2000. What is p(-25)?
-725
Let u(m) = 332*m**2 - 2115*m + 732. Calculate u(6).
-6
Let x(z) = -4*z**3 - 147*z**2 - 384*z - 327. Determine x(-34).
13
Let s(x) = -x**3 - 25*x**2 + 236*x + 262. Give s(-32).
-122
Let w(z) = -z**3 - 7*z**2 + 86*z - 692. What is w(11)?
-1924
Let b(x) = x**3 + 91*x**2 + 1853*x - 8542. Give b(-53).
-9
Let x(z) = 2*z**2 + 1895*z - 56188. Determine x(29).
449
Let x(s) = -916*s + 38447. Determine x(42).
-25
Let h(u) = -113*u**2 + 2613*u + 2384. What is h(24)?
8
Let b(k) = -9*k**2 + 109*k + 1661. What is b(-10)?
-329
Let z(m) = m**3 + 4*m**2 + 44*m - 8. Determine z(10).
1832
Let v(f) = -6*f**2 - 467*f - 2577. Calculate v(-6).
9
Let r(s) = s**3 + 16*s**2 - 127*s - 51. What is r(0)?
-51
Let g(q) = 6353*q - 57233. Determine g(9).
-56
Let d(n) = 8352*n + 400852. What is d(-48)?
-44
Let s(c) = c**3 + 238*c**2 - 499*c - 5067. Determine s(-240).
-507
Let i(a) = -a**3 - 10*a**2 + 548*a + 4462. Calculate i(-8).
-50
Let v(t) = -2443*t - 13652. Give v(-6).
1006
Let z(v) = -30*v**3 - 3*v**2 - 53*v + 159. Determine z(3).
-837
Let j(c) = -2*c**3 + 41*c**2 + 357*c - 8101. Determine j(18).
-55
Let b(g) = -2*g**3 + 19*g**2 - 596*g + 1591. Give b(3).
-80
Let g(h) = -3048*h**2 + 2927*h + 131. Calculate g(1).
10
Let z(m) = 72*m**2 + 248*m + 556. What is z(-2)?
348
Let v(m) = -328*m**3 - 4*m**2 + 427*m + 431. Give v(-1).
328
Let f(d) = 4*d**3 - 355*d**2 - 443*d - 581. Determine f(90).
49
Let h(z) = -8*z**3 - 229*z**2 - 33*z + 131. Calculate h(-29).
3611
Let l(n) = n**3 - 91*n**2 + 1837*n - 277. Calculate l(29).
854
Let d(l) = -68860*l + 3787264. Determine d(55).
-36
Let h(q) = -103398*q - 1757763. What is h(-17)?
3
Let f(j) = 50*j**2 - 121*j + 4. Determine f(6).
1078
Let l(v) = 2*v**2 + 8719*v + 242560. Determine l(-28).
-4
Let i(b) = 118*b**3 - 86*b**2 + 33*b - 29. What is i(1)?
36
Let b(c) = 288891*c - 1444455. Give b(5).
0
Let u(r) = 29168*r + 116748. Determine u(-4).
76
Let b(t) = -4*t**2 + 957*t - 1246. Calculate b(238).
-56
Let s(v) = 29558*v + 265957. Give s(-9).
-65
Let s(k) = 35*k**3 - 10*k**2 - 156*k - 472. Give s(-3).
-1039
Let i(w) = w**3 + 748*w**2 - 150649*w - 3647. What is i(-913)?
5
Let s(c) = -39462*c - 3314783. Determine s(-84).
25
Let r(c) = c**3 + 199*c**2 - 8200*c - 2146. What is r(-234)?
194
Let i(x) = -4144*x - 190923. Determine i(-46).
-299
Let j(w) = 93*w**2 - 24*w + 97. What is j(2)?
421
Let x(q) = 10*q**2 + 12114*q + 574031. Calculate x(-1162).
3
Let d(o) = 49*o**2 - 366*o + 44. Calculate d(8).
252
Let w(f) = f**3 + 110*f**2 + 1028*f + 2465. Calculate w(-100).
-335
Let f(p) = 4*p**2 + 95*p - 1952. Give f(-37).
9
Let w(n) = 6*n**3 - 9*n**2 + 30*n + 12. Give w(2).
84
Let p(h) = h**2 + 83825*h + 7034190. What is p(-84)?
-54
Let t(w) = 3974*w + 1132586. Determine t(-285).
-4
Let u(q) = -38487*q + 269615. What is u(7)?
206
Let x(k) = 41*k**3 - k**2 + 12*k - 23. Determine x(2).
325
Let b(w) = w**2 - 66*w + 1311. Calculate b(36).
231
Let l(g) = -2*g**3 + 191*g**2 - 3286*g - 81. Determine l(73).
-154
Let t(m) = -4*m**2 - 191*m + 2253. What is t(10)?
-57
Let c(k) = 11149*k**2 - 189528*k - 89. Give c(17).
-4
Let k(s) = s**2 + 442*s - 367193. Determine k(424).
-9
Let h(y) = -6*y**3 - 168*y**2 - 171*y - 252. What is h(-27)?
-9
Let n(j) = -2328*j**2 - 20961*j - 53. Determine n(-9).
28
Let r(s) = 2411*s - 361531. Give r(150).
119
Let j(d) = 20*d**2 - 353*d + 1222. Give j(13).
13
Let z(s) = -4*s**2 + 58*s - 179. Give z(10).
1
Let q(h) = -178*h**3 - 1213*h**2 + 1226*h - 13. Determine q(1).
-178
Let g(v) = -132*v**2 + 688*v - 140. Determine g(5).
0
Let c(r) = -19*r**2 - 2530*r + 17676. Determine c(7).
-965
Let j(y) = -286*y + 30880. Determine j(108).
-8
Let a(l) = l**2 + 15250*l + 1228682. What is a(-81)?
-7
Let j(b) = -9*b**2 + 272*b - 1348. What is j(7)?
115
Let a(w) = 1879356*w - 18793579. What is a(10)?
-19
Let g(b) = 10*b**2 + 2875*b + 28626. Calculate g(-10).
876
Let w(u) = -104*u**3 - 25*u**2 - 60*u - 34. Calculate w(-1).
105
Let d(b) = 747*b - 136682. What is d(183)?
19
Let k(i) = -i**3 - 179*i**2 - 6620*i - 1070. Give k(-127).
962
Let d(p) = -21*p**2 - 1380*p + 7879. Determine d(-71).
-2
Let f(i) = -1540*i + 172481. Calculate f(112).
1
Let m(j) = 30094*j + 541778. What is m(-18)?
86
Let a(b) = -245118*b - 4167010. Determine a(-17).
-4
Let f(b) = b**3 - 4*b**2 + 55129*b - 330841. Determine f(6).
5
Let n(r) = 2*r**2 - 703*r - 152382. Determine n(503).
27
Let v(h) = -h**3 - 80*h**2 - 1509*h - 1292. Determine v(-51).
238
Let d(h) = 73*h**2 + 28483*h + 5066. Calculate d(-390).
-4
Let a(c) = c**3 - 99*c**2 + 821*c - 2295. Calculate a(90).
-1305
Let s(r) = -6*r**2 - 6026*r - 1056531. What is s(-778)?
-7
Let m(x) = -11*x**2 - 13506*x + 54223. Determine m(4).
23
Let x(o) = 2394*o - 3581. Determine x(3).
3601
Let t(u) = -u**3 + 1246*u**2 + 8769*u - 24. Give t(-7).
-10
Let z(t) = -t**3 + 46*t**2 - 256*t + 112. What is z(5)?
-143
Let h(x) = -1148*x - 26088. Determine h(-23).
316
Let d(u) = 81*u**2 - 686*u - 404. Determine d(9).
-17
Let r(v) = v**3 + 262*v**2 - 2158*v + 852. Calculate r(-270).
312
Let j(t) = -2721*t - 51795. Give j(-19).
-96
Let a(d) = -5*d**2 - 275*d - 3088. Give a(-16).
32
Let t(g) = 85*g**3 - 4759*g**2 - 140*g + 4667. What is t(56)?
-37
Let m(n) = 734*n - 16175. Give m(22).
-27
Let z(g) = -5935*g - 23784. Calculate z(-4).
-44
Let x(o) = o**2 - 4718*o + 61124. Give x(13).
-41
Let f(q) = 2*q**2 - 440056*q - 6161180. Give f(-14).
-4
Let d(b) = 1023*b - 1060. Calculate d(1).
-37
Let w(m) = -833*m**2 + 7567*m + 16. Give w(9).
646
Let z(k) = -k**2 - 264*k - 12301. Give z(-83).
2722
Let g(m) = -2*m**3 + 11*m**2 + 108*m + 349. Give g(-5).
334
Let x(a) = -23512*a + 1927986. What is x(82)?
2
Let v(s) = -43*s**2 + 11593*s + 23192. Calculate v(-2).
-166
Let n(g) = 3156*g - 340849. Give n(108).
-1
Let g(u) = -u**3 - 4105*u**2 + 37009*u + 159. Give g(9).
6
Let p(v) = 2998*v + 27160. Give p(-9).
178
Let r(b) = b**2 - 537*b - 15135. Calculate r(-30).
1875
Let s(l) = -l**2 + 1379*l + 27038. Give s(-20).
-942
Let t(m) = -m**3 + 51*m**2 + 11337*m - 239. What is t(-84)?
13
Let g(j) = 6146*j - 1542636. Give g(251).
10
Let u(l) = -276*l - 812. Determine u(0).
-812
Let q(t) = -t**2 - 532*t - 21501. Calculate q(-488).
-29
Let a(s) = -253963*s + 2031680. Determine a(8).
-24
Let t(i) = i**2 + 40*i - 22323. What is t(131)?
78
Let s(o) = -2925*o + 14863. What is s(5)?
238
Let w(i) = 27*i**2 + 410*i + 2123. What is w(-5)?
748
Let t(v) = 4*v**3 - 353*v**2 - 1080*v + 7194. Calculate t(91).
5
Let p(k) = -15*k**2 + 1434*k + 13162. Determine p(104).
58
Let z(v) = 46*v**2 + 583*v + 1228. Give z(-10).
-2
Let d(c) = -4*c**3 - 52*c**2 - 3212*c - 41751. What is d(-13)?
5
Let r(c) = 4946*c + 133529. Calculate r(-27).
-13
Let n(p) = -p**3 + 26*p**2 + 673*p - 3474. Calculate n(-19).
-16
Let r(j) = j**3 - 916*j - 5299. Calculate r(-6).
-19
Let r(v) = -v**2 + 149*v - 1174. Determine r(145).
-594
Let x(b) = 3*b**2 - 5602*b + 33535. Give x(6).
31
Let h(f) = f**3 + 14*f**2 - 232*f - 2633. Determine h(-11).
282
Let f(a) = -4*a**2 - 9411*a - 37584. What is f(-4)?
-4
Let f(o) = 1666*o + 108236. Determine f(-65).
-54
Let n(l) = -1282*l - 5189. What is n(-4)?
-61
Let z